{"id":1131,"date":"2021-03-11T16:34:32","date_gmt":"2021-03-11T15:34:32","guid":{"rendered":"https:\/\/www.cheef.fr\/conseils\/?page_id=1131"},"modified":"2025-05-14T14:34:59","modified_gmt":"2025-05-14T12:34:59","slug":"tous-les-articles-cheef-conseils-dexperts","status":"publish","type":"page","link":"https:\/\/www.cheef.fr\/conseils\/tous-les-articles-cheef-conseils-dexperts\/","title":{"rendered":"Tous les articles Cheef conseils d&rsquo;experts"},"content":{"rendered":"","protected":false},"excerpt":{"rendered":"","protected":false},"author":4,"featured_media":0,"parent":0,"menu_order":0,"comment_status":"closed","ping_status":"closed","template":"","meta":{"_acf_changed":false,"wprm-recipe-roundup-name":"","wprm-recipe-roundup-description":"","footnotes":""},"class_list":["post-1131","page","type-page","status-publish","hentry"],"acf":[],"yoast_head":"<!-- This site is optimized with the Yoast SEO plugin v27.5 - https:\/\/yoast.com\/product\/yoast-seo-wordpress\/ -->\n<title>Les articles de Cheef - Conseils di\u00e9t\u00e9tiques et nutrition<\/title>\n<meta name=\"description\" content=\"D\u00e9couvrez une grande vari\u00e9t\u00e9 d&#039;articles de blog abordant la nutrition, la perte de poids, les r\u00e9gimes adapt\u00e9s et bien plus encore !\" \/>\n<meta name=\"robots\" content=\"index, follow, max-snippet:-1, max-image-preview:large, max-video-preview:-1\" \/>\n<link rel=\"canonical\" href=\"https:\/\/www.cheef.fr\/conseils\/tous-les-articles-cheef-conseils-dexperts\/\" \/>\n<meta property=\"og:locale\" content=\"fr_FR\" \/>\n<meta property=\"og:type\" content=\"article\" \/>\n<meta property=\"og:title\" content=\"Les articles de Cheef - Conseils di\u00e9t\u00e9tiques et nutrition\" \/>\n<meta property=\"og:description\" content=\"D\u00e9couvrez une grande vari\u00e9t\u00e9 d&#039;articles de blog abordant la nutrition, la perte de poids, les r\u00e9gimes adapt\u00e9s et bien plus encore !\" \/>\n<meta property=\"og:url\" content=\"https:\/\/www.cheef.fr\/conseils\/tous-les-articles-cheef-conseils-dexperts\/\" \/>\n<meta property=\"og:site_name\" content=\"Conseils minceur\" \/>\n<meta property=\"article:publisher\" content=\"https:\/\/www.facebook.com\/CheefFrance\" \/>\n<meta property=\"article:modified_time\" content=\"2025-05-14T12:34:59+00:00\" \/>\n<meta name=\"twitter:card\" content=\"summary_large_image\" \/>\n<script type=\"application\/ld+json\" class=\"yoast-schema-graph\">{\"@context\":\"https:\\\/\\\/schema.org\",\"@graph\":[{\"@type\":[\"WebPage\",\"CollectionPage\"],\"@id\":\"https:\\\/\\\/www.cheef.fr\\\/conseils\\\/tous-les-articles-cheef-conseils-dexperts\\\/\",\"url\":\"https:\\\/\\\/www.cheef.fr\\\/conseils\\\/tous-les-articles-cheef-conseils-dexperts\\\/\",\"name\":\"Les articles de Cheef - Conseils di\u00e9t\u00e9tiques et nutrition\",\"isPartOf\":{\"@id\":\"https:\\\/\\\/www.cheef.fr\\\/conseils\\\/#website\"},\"datePublished\":\"2021-03-11T15:34:32+00:00\",\"dateModified\":\"2025-05-14T12:34:59+00:00\",\"description\":\"D\u00e9couvrez une grande vari\u00e9t\u00e9 d'articles de blog abordant la nutrition, la perte de poids, les r\u00e9gimes adapt\u00e9s et bien plus encore !\",\"breadcrumb\":{\"@id\":\"https:\\\/\\\/www.cheef.fr\\\/conseils\\\/tous-les-articles-cheef-conseils-dexperts\\\/#breadcrumb\"},\"inLanguage\":\"fr-FR\"},{\"@type\":\"BreadcrumbList\",\"@id\":\"https:\\\/\\\/www.cheef.fr\\\/conseils\\\/tous-les-articles-cheef-conseils-dexperts\\\/#breadcrumb\",\"itemListElement\":[{\"@type\":\"ListItem\",\"position\":1,\"name\":\"Nos conseils\",\"item\":\"https:\\\/\\\/www.cheef.fr\\\/conseils\\\/\"},{\"@type\":\"ListItem\",\"position\":2,\"name\":\"Tous les articles Cheef conseils d&rsquo;experts\"}]},{\"@type\":\"WebSite\",\"@id\":\"https:\\\/\\\/www.cheef.fr\\\/conseils\\\/#website\",\"url\":\"https:\\\/\\\/www.cheef.fr\\\/conseils\\\/\",\"name\":\"Conseils minceur\",\"description\":\"R\u00e9\u00e9quilibrage alimentaire et perte de poids\",\"publisher\":{\"@id\":\"https:\\\/\\\/www.cheef.fr\\\/conseils\\\/#organization\"},\"potentialAction\":[{\"@type\":\"SearchAction\",\"target\":{\"@type\":\"EntryPoint\",\"urlTemplate\":\"https:\\\/\\\/www.cheef.fr\\\/conseils\\\/?s={search_term_string}\"},\"query-input\":{\"@type\":\"PropertyValueSpecification\",\"valueRequired\":true,\"valueName\":\"search_term_string\"}}],\"inLanguage\":\"fr-FR\"},{\"@type\":\"Organization\",\"@id\":\"https:\\\/\\\/www.cheef.fr\\\/conseils\\\/#organization\",\"name\":\"Conseils minceur\",\"url\":\"https:\\\/\\\/www.cheef.fr\\\/conseils\\\/\",\"logo\":{\"@type\":\"ImageObject\",\"inLanguage\":\"fr-FR\",\"@id\":\"https:\\\/\\\/www.cheef.fr\\\/conseils\\\/#\\\/schema\\\/logo\\\/image\\\/\",\"url\":\"https:\\\/\\\/www.cheef.fr\\\/conseils\\\/wp-content\\\/uploads\\\/2024\\\/10\\\/logo-cheef-conseils-site.png\",\"contentUrl\":\"https:\\\/\\\/www.cheef.fr\\\/conseils\\\/wp-content\\\/uploads\\\/2024\\\/10\\\/logo-cheef-conseils-site.png\",\"width\":1000,\"height\":500,\"caption\":\"Conseils minceur\"},\"image\":{\"@id\":\"https:\\\/\\\/www.cheef.fr\\\/conseils\\\/#\\\/schema\\\/logo\\\/image\\\/\"},\"sameAs\":[\"https:\\\/\\\/www.facebook.com\\\/CheefFrance\",\"https:\\\/\\\/www.instagram.com\\\/cheef_france\\\/\"]}]}<\/script>\n<!-- \/ Yoast SEO plugin. -->","yoast_head_json":{"title":"Les articles de Cheef - Conseils di\u00e9t\u00e9tiques et nutrition","description":"D\u00e9couvrez une grande vari\u00e9t\u00e9 d'articles de blog abordant la nutrition, la perte de poids, les r\u00e9gimes adapt\u00e9s et bien plus encore !","robots":{"index":"index","follow":"follow","max-snippet":"max-snippet:-1","max-image-preview":"max-image-preview:large","max-video-preview":"max-video-preview:-1"},"canonical":"https:\/\/www.cheef.fr\/conseils\/tous-les-articles-cheef-conseils-dexperts\/","og_locale":"fr_FR","og_type":"article","og_title":"Les articles de Cheef - Conseils di\u00e9t\u00e9tiques et nutrition","og_description":"D\u00e9couvrez une grande vari\u00e9t\u00e9 d'articles de blog abordant la nutrition, la perte de poids, les r\u00e9gimes adapt\u00e9s et bien plus encore !","og_url":"https:\/\/www.cheef.fr\/conseils\/tous-les-articles-cheef-conseils-dexperts\/","og_site_name":"Conseils minceur","article_publisher":"https:\/\/www.facebook.com\/CheefFrance","article_modified_time":"2025-05-14T12:34:59+00:00","twitter_card":"summary_large_image","schema":{"@context":"https:\/\/schema.org","@graph":[{"@type":["WebPage","CollectionPage"],"@id":"https:\/\/www.cheef.fr\/conseils\/tous-les-articles-cheef-conseils-dexperts\/","url":"https:\/\/www.cheef.fr\/conseils\/tous-les-articles-cheef-conseils-dexperts\/","name":"Les articles de Cheef - Conseils di\u00e9t\u00e9tiques et nutrition","isPartOf":{"@id":"https:\/\/www.cheef.fr\/conseils\/#website"},"datePublished":"2021-03-11T15:34:32+00:00","dateModified":"2025-05-14T12:34:59+00:00","description":"D\u00e9couvrez une grande vari\u00e9t\u00e9 d'articles de blog abordant la nutrition, la perte de poids, les r\u00e9gimes adapt\u00e9s et bien plus encore !","breadcrumb":{"@id":"https:\/\/www.cheef.fr\/conseils\/tous-les-articles-cheef-conseils-dexperts\/#breadcrumb"},"inLanguage":"fr-FR"},{"@type":"BreadcrumbList","@id":"https:\/\/www.cheef.fr\/conseils\/tous-les-articles-cheef-conseils-dexperts\/#breadcrumb","itemListElement":[{"@type":"ListItem","position":1,"name":"Nos conseils","item":"https:\/\/www.cheef.fr\/conseils\/"},{"@type":"ListItem","position":2,"name":"Tous les articles Cheef conseils d&rsquo;experts"}]},{"@type":"WebSite","@id":"https:\/\/www.cheef.fr\/conseils\/#website","url":"https:\/\/www.cheef.fr\/conseils\/","name":"Conseils minceur","description":"R\u00e9\u00e9quilibrage alimentaire et perte de poids","publisher":{"@id":"https:\/\/www.cheef.fr\/conseils\/#organization"},"potentialAction":[{"@type":"SearchAction","target":{"@type":"EntryPoint","urlTemplate":"https:\/\/www.cheef.fr\/conseils\/?s={search_term_string}"},"query-input":{"@type":"PropertyValueSpecification","valueRequired":true,"valueName":"search_term_string"}}],"inLanguage":"fr-FR"},{"@type":"Organization","@id":"https:\/\/www.cheef.fr\/conseils\/#organization","name":"Conseils minceur","url":"https:\/\/www.cheef.fr\/conseils\/","logo":{"@type":"ImageObject","inLanguage":"fr-FR","@id":"https:\/\/www.cheef.fr\/conseils\/#\/schema\/logo\/image\/","url":"https:\/\/www.cheef.fr\/conseils\/wp-content\/uploads\/2024\/10\/logo-cheef-conseils-site.png","contentUrl":"https:\/\/www.cheef.fr\/conseils\/wp-content\/uploads\/2024\/10\/logo-cheef-conseils-site.png","width":1000,"height":500,"caption":"Conseils minceur"},"image":{"@id":"https:\/\/www.cheef.fr\/conseils\/#\/schema\/logo\/image\/"},"sameAs":["https:\/\/www.facebook.com\/CheefFrance","https:\/\/www.instagram.com\/cheef_france\/"]}]}},"_links":{"self":[{"href":"https:\/\/www.cheef.fr\/conseils\/wp-json\/wp\/v2\/pages\/1131","targetHints":{"allow":["GET"]}}],"collection":[{"href":"https:\/\/www.cheef.fr\/conseils\/wp-json\/wp\/v2\/pages"}],"about":[{"href":"https:\/\/www.cheef.fr\/conseils\/wp-json\/wp\/v2\/types\/page"}],"author":[{"embeddable":true,"href":"https:\/\/www.cheef.fr\/conseils\/wp-json\/wp\/v2\/users\/4"}],"replies":[{"embeddable":true,"href":"https:\/\/www.cheef.fr\/conseils\/wp-json\/wp\/v2\/comments?post=1131"}],"version-history":[{"count":1,"href":"https:\/\/www.cheef.fr\/conseils\/wp-json\/wp\/v2\/pages\/1131\/revisions"}],"predecessor-version":[{"id":1134,"href":"https:\/\/www.cheef.fr\/conseils\/wp-json\/wp\/v2\/pages\/1131\/revisions\/1134"}],"wp:attachment":[{"href":"https:\/\/www.cheef.fr\/conseils\/wp-json\/wp\/v2\/media?parent=1131"}],"curies":[{"name":"wp","href":"https:\/\/api.w.org\/{rel}","templated":true}]}}